 + 12, -5*g = 2*m + 13. What is the tens digit of 19 + m - (8 + -6)?
1
Suppose 2*n = 8, -4*n - n + 48 = 2*r. What is the units digit of r?
4
What is the units digit of (-275)/(-4) - (-6)/24?
9
Suppose -3*m + 0*v - 2*v = 118, 3*v - 12 = 0. Let d = m - -70. What is the tens digit of d/(-21)*(-15)/2?
1
Let l = 34 + -21. What is the tens digit of l?
1
Let i = -68 - -116. Let w = i - 22. Suppose 5*s - 96 = -w. What is the units digit of s?
4
Let v be 6 - (-3 + 4 - -2). Suppose 0 = 5*o + 3*y - 31, -3*o + 7 = -y - v*y. What is the units digit of 1/o + 102/15?
7
Suppose 4*m = -16, 0 = 2*s - 3*s + m + 42. What is the units digit of s?
8
Let x = 2 + 3. Suppose n = 2*v - 5*v + 30, -2*v - 167 = -x*n. What is the units digit of n?
3
Suppose -571 = -4*d + 337. What is the units digit of d?
7
Suppose 0 = -3*a + 46 + 68. What is the units digit of a?
8
Let m(y) = -75*y - 17. What is the units digit of m(-3)?
8
Let a = 9 + 24. Let t = a + -18. What is the tens digit of t?
1
What is the units digit of 13 - (3 - 7)/(-2)?
1
Suppose -c = 4*b - 1275, 2*c = -0*b - 3*b + 960. What is the hundreds digit of b?
3
Suppose 9 - 3 = 3*o. Suppose 0 = 5*y - o*k - 30, -k + 12 = 2*y + 4*k. What is the units digit of y?
6
Let s(v) = -v**3 + 7*v**2 + v. Let b(o) = -o**3 + 7*o**2 + o - 1. Let n(w) = -4*b(w) + 5*s(w). Let r be n(7). Suppose -r = -k - 2. What is the units digit of k?
9
Suppose -2*n + 3*c + 0*c = -15, -n + 18 = -5*c. What is the units digit of 13/n*(3 + 0)?
3
Let f(d) = -d**2 + d + 1. Let o(s) = -17*s**2 + 8*s + 8. Let p(a) = 6*f(a) - o(a). What is the units digit of p(2)?
8
Suppose f = -1 + 6. Suppose -f*w = 28 - 8. Let y(q) = -q - 3. What is the units digit of y(w)?
1
Let s = -4 + 1. Let r = s - 1. What is the units digit of 2/4 + (-26)/r?
7
Let w be -1 + 20/4 + 0. Suppose 4*m + 25 = 3*p - 27, w = -m. What is the tens digit of p?
1
Let x(r) = -r**2 + 9*r + 10. Let o = 15 - 6. What is the tens digit of x(o)?
1
Suppose 0 = -3*s + 73 + 5. What is the tens digit of s*(7/(-2))/(-7)?
1
Let x(p) = p + 15. Let j be x(-8). Let q = 10 + j. What is the tens digit of q?
1
Let f = -82 - -266. What is the hundreds digit of f?
1
Let y(m) = m**2 - 7*m + 7. Suppose 28 = -l + 5*l. Let w be y(l). Let d = -2 + w. What is the units digit of d?
5
Let b = -24 - -9. Let d be 107/(-7) - (-12)/42. What is the units digit of ((-48)/b)/((-6)/d)?
8
Let s(b) = -b**3 - 8*b**2 - 8*b - 6. Suppose -6*m + 2*m - 28 = 0. Let q be s(m). What is the units digit of 5/((0 - -1)/q)?
5
Suppose m = 2 + 1. Suppose 1 = 4*u - m, 5*t = 5*u + 10. What is the tens digit of 22 - t - (5 + -2)?
1
Let k be (-2)/2*-2*1. Let u(w) = 5*w**2 + w**3 - 2*w**k - 5*w**2 - 3 + w. What is the units digit of u(3)?
9
Let r(w) = -2*w + 18. Let d be r(9). Suppose 2*s = -5*v + 77, -4*v - 4 + 24 = d. What is the tens digit of s?
2
Suppose -1531 = -6*y + 737. What is the hundreds digit of y?
3
Let k(v) = 3*v + 4. What is the units digit of k(6)?
2
Suppose -14 = 4*g + f, 0 = 3*g + 5*f + 22 - 3. What is the units digit of g/(-2*3/6)?
3
Suppose 0 = 2*m + 4. Let c(q) = -2*q**3 - q**2 - 2*q - 2. What is the units digit of c(m)?
4
Suppose -45 = -9*v + 4*v. Suppose 14 + v = 2*x + a, -3*x - a + 33 = 0. What is the tens digit of x?
1
Let z(t) = 3*t**3 - 3*t**2 + 2*t. Let o be z(2). Suppose -o = -u - u. What is the units digit of u?
8
What is the tens digit of (-10 + 11)/((-2)/(-42))?
2
Let j = 19 - 9. Suppose -10 = -2*v + j. Suppose 8 + v = 3*t. What is the units digit of t?
6
Let i be -9*1 + (-3 - -2). Let a = i + 18. Suppose s = -3*s + a. What is the units digit of s?
2
What is the tens digit of 232/6 + (16/(-12))/2?
3
What is the units digit of ((-6)/(5 - 4))/((-2)/80)?
0
Suppose -9*l - 35 = -4*l. Let v(z) = z**2 + 7*z + 4. Let m be v(l). Suppose 3*r + 3*w + 0*w = 12, -22 = -m*r - w. What is the units digit of r?
6
Let a(g) = g**2 - 2*g - 105. What is the units digit of a(24)?
3
Suppose 0 = -b + 3*y + 6, -13 = -5*b + y - 3*y. Suppose -2*u = -b*i + 54 - 10, 2*i - u = 28. What is the tens digit of i?
1
Suppose n - 4 = -3*u + u, 0 = -2*u. Suppose -8*j - 12 = -n*j, 3*j = -3*q - 27. Let k(o) = o + 12. What is the units digit of k(q)?
6
Let f = -18 + 26. What is the units digit of f?
8
Let o be -6*-5*(-1 - -2). Suppose -2 = -f - 0*f + 3*c, 5*c = 5*f - o. What is the units digit of f?
8
Suppose 4*i + 0*i = 5*o - 1588, 5*o = i + 1582. What is the hundreds digit of o?
3
Let g(u) = -u + 4. Let p be g(3). Let k = 5 - p. What is the units digit of k?
4
Suppose -3*j + 24 = 9. What is the units digit of j?
5
Suppose -69 = -y + 5*o, 2*o = -3*y - 51 + 343. Let k = y - 63. What is the units digit of k?
1
Let s = -9 - -18. What is the units digit of s?
9
Suppose 0 = 2*w + 3 + 1. What is the units digit of (1/w)/(2/(-4))?
1
Suppose -2*u + 33 = -31. What is the tens digit of u?
3
Suppose -4 + 20 = 2*m. Suppose 0 = -4*z + 100 + m. What is the tens digit of z?
2
Suppose -43 = -2*p + 45. Suppose 0*j - p = -4*j. What is the units digit of j?
1
Suppose 3*t - 44 = 94. What is the units digit of t?
6
Suppose -8*m = -3*m. Let n = 4 + m. What is the units digit of n + -2 + -1*1?
1
Let c(z) = -z**2 + 6*z + 4. Let t be c(6). Let a = t + 13. What is the units digit of a?
7
Let t(r) = 2*r**2 + 13*r + 18. Suppose 0 = -k + 2*k + 8. What is the units digit of t(k)?
2
Let p(f) = f + 10. Let u be p(0). Let r = 33 - u. What is the tens digit of r?
2
Let p(v) be the first derivative of v**2/2 + 5*v - 2. Let i(d) = -d + 10. Let n be i(10). What is the units digit of p(n)?
5
Let n = 4 - -6. Let w = n + 1. What is the tens digit of w?
1
Suppose 0*l + 2*t + 299 = l, 3*l = -4*t + 847. What is the hundreds digit of l?
2
Let n(v) = 4*v - 2. Let k = 8 + -15. Let g be n(k). Let c = g + 46. What is the tens digit of c?
1
Let a(u) = -u**2 - 3*u. Let q be a(-2). Let s be 0 - q - (-1 + 1). Let b = 4 - s. What is the units digit of b?
6
What is the tens digit of ((2/(-2))/1)/((-8)/968)?
2
Let w(v) be the first derivative of v**5/20 - v**4/6 - v**2/2 - 2*v + 2. Let q(c) be the first derivative of w(c). What is the units digit of q(3)?
8
Let p be 10/5 + 9*-1. Let n = p + 8. What is the units digit of n?
1
Let u = 8 + -6. Let r be 146/6 + (-1)/3. Suppose -5*j = -u*j - r. What is the units digit of j?
8
Let m = -135 - -223. What is the tens digit of m?
8
Suppose 0*b - 5*b = 3*g - 152, -2*b + 140 = 3*g. Suppose -3*a = -2*x - g, -5*a - 6 + 81 = -3*x. Suppose m = -2*m + a. What is the units digit of m?
6
Let u = -27 + 19. Let a = -222 - -384. What is the tens digit of (-2)/8 - a/u?
2
Let u(h) = -42*h + 1. Let f be u(1). Let r = 73 + f. What is the tens digit of r?
3
Let y = 7 + -6. Let t be ((-2)/(y + 0))/(-2). What is the units digit of 7*(0 + t/1)?
7
Suppose 0*f + 16 = 4*f. Suppose -4*b + 2 = -14. Suppose b*x - 3*u - 4 = -x, -3*u - 2 = -f*x. What is the units digit of x?
2
What is the units digit of (19 - 0/1) + (4 - 3)?
0
Suppose -b = -2*c - 86, -c + 0*c - 4 = 0. What is the units digit of b?
8
Let z(c) = 5*c**2 - 2*c - 1. Let m = -5 - -7. What is the units digit of z(m)?
5
Let l(a) = a + 11. Let h be l(-9). Let d be (-3)/5 - 88/(-5). Let b = d + h. What is the units digit of b?
9
Suppose -4*q + 2*x = -x, -5*q - 5 = -5*x. What is the units digit of q?
3
Let o = -7 + 11. Suppose -3*w - 4*c - o = 0, -5*c - 5 = -2*w + 4*w. Suppose -2*x + 0*x - 5*a + 41 = w, -x = 2*a - 18. What is the units digit of x?
8
Let z(m) = -5*m**2 - 4*m + 4. Let u(d) = 11*d**2 + 7*d - 9. Let q(n) = 4*u(n) + 9*z(n). What is the units digit of q(-7)?
7
What is the units digit of (-4 + -4 + 1)*-13?
1
Let i(z) = -z + 4. Let m(o) = 5*o - 17. Let r(w) = 18*i(w) + 4*m(w). Let y be r(-3). What is the units digit of y - 1 - (-2 - 9)?
8
Let c(t) = -t**3 + 9*t**2 - 5*t + 2. Let a be c(9). Let n = a + 73. What is the units digit of n?
0
Suppose -4*m + 10 = -26. Suppose 3*o = 4*o - m. Suppose -r - p = -4*p + 1, -5*r = -p - o. What is the units digit of r?
2
Suppose 73 - 3 = 5*g. Suppose n - g = 5. What is the units digit of n?
9
Let n = -3 - -3. Let c = 4 - n. Suppose 2*f - 8 = c. What is the units digit of f?
6
Let v = 8 + -6. Let q(i) = 4*i**v - 11 + 2*i + 12 - 3*i**2. What is the units digit of q(-4)?
9
Let d = 210 - 147. What is the tens digit of d?
6
Let u(i) = -i**3 - 5*i**2 - 2*i - 3. Suppose 3*m + 5 = 2*m. Let n be u(m). Let r